by 10?
9
What is the remainder when 1708 is divided by 15?
13
What is the remainder when 35 is divided by 25?
10
What is the remainder when 12462 is divided by 271?
267
What is the remainder when 360 is divided by 11?
8
What is the remainder when 231 is divided by 29?
28
Calculate the remainder when 657 is divided by 132.
129
What is the remainder when 130 is divided by 9?
4
What is the remainder when 1764 is divided by 79?
26
What is the remainder when 1574 is divided by 21?
20
Calculate the remainder when 54 is divided by 29.
25
What is the remainder when 2319 is divided by 332?
327
Calculate the remainder when 640 is divided by 120.
40
Calculate the remainder when 50 is divided by 13.
11
What is the remainder when 387 is divided by 70?
37
Calculate the remainder when 1188 is divided by 14.
12
What is the remainder when 757 is divided by 65?
42
What is the remainder when 166 is divided by 24?
22
What is the remainder when 2333 is divided by 158?
121
What is the remainder when 6813 is divided by 284?
281
Calculate the remainder when 164 is divided by 44.
32
Calculate the remainder when 12850 is divided by 108.
106
Calculate the remainder when 818 is divided by 173.
126
Calculate the remainder when 177 is divided by 33.
12
Calculate the remainder when 486 is divided by 245.
241
Calculate the remainder when 10667 is divided by 42.
41
What is the remainder when 132 is divided by 68?
64
What is the remainder when 14722 is divided by 3678?
10
What is the remainder when 162 is divided by 55?
52
What is the remainder when 167 is divided by 42?
41
Calculate the remainder when 208 is divided by 11.
10
What is the remainder when 2337 is divided by 90?
87
What is the remainder when 960 is divided by 31?
30
Calculate the remainder when 466 is divided by 51.
7
What is the remainder when 933 is divided by 151?
27
Calculate the remainder when 605 is divided by 102.
95
What is the remainder when 129 is divided by 46?
37
What is the remainder when 197 is divided by 7?
1
Calculate the remainder when 469 is divided by 70.
49
Calculate the remainder when 378 is divided by 24.
18
Calculate the remainder when 2963 is divided by 41.
11
What is the remainder when 815 is divided by 43?
41
Calculate the remainder when 147 is divided by 5.
2
What is the remainder when 1223 is divided by 36?
35
What is the remainder when 36 is divided by 10?
6
Calculate the remainder when 24345 is divided by 12.
9
What is the remainder when 467 is divided by 44?
27
Calculate the remainder when 118 is divided by 7.
6
What is the remainder when 6033 is divided by 14?
13
Calculate the remainder when 77 is divided by 16.
13
What is the remainder when 763 is divided by 376?
11
Calculate the remainder when 1609 is divided by 161.
160
Calculate the remainder when 94 is divided by 35.
24
What is the remainder when 179 is divided by 47?
38
What is the remainder when 175 is divided by 53?
16
Calculate the remainder when 435 is divided by 72.
3
Calculate the remainder when 1586 is divided by 15.
11
Calculate the remainder when 371 is divided by 31.
30
Calculate the remainder when 2015 is divided by 136.
111
What is the remainder when 29 is divided by 15?
14
Calculate the remainder when 567 is divided by 57.
54
Calculate the remainder when 702 is divided by 32.
30
Calculate the remainder when 2187 is divided by 73.
70
Calculate the remainder when 410 is divided by 214.
196
What is the remainder when 146 is divided by 48?
2
Calculate the remainder when 129 is divided by 13.
12
Calculate the remainder when 1117 is divided by 13.
12
What is the remainder when 2361 is divided by 74?
67
What is the remainder when 51 is divided by 6?
3
What is the remainder when 1102 is divided by 101?
92
Calculate the remainder when 102 is divided by 52.
50
What is the remainder when 640 is divided by 73?
56
What is the remainder when 23 is divided by 6?
5
What is the remainder when 1365 is divided by 20?
5
Calculate the remainder when 646 is divided by 234.
178
What is the remainder when 3899 is divided by 16?
11
What is the remainder when 163 is divided by 21?
16
Calculate the remainder when 1252 is divided by 139.
1
What is the remainder when 641 is divided by 211?
8
What is the remainder when 3559 is divided by 40?
39
What is the remainder when 27 is divided by 8?
3
Calculate the remainder when 920 is divided by 2.
0
Calculate the remainder when 12179 is divided by 7.
6
Calculate the remainder when 391 is divided by 193.
5
Calculate the remainder when 973 is divided by 96.
13
What is the remainder when 552 is divided by 40?
32
What is the remainder when 392 is divided by 100?
92
Calculate the remainder when 821 is divided by 123.
83
What is the remainder when 688 is divided by 23?
21
Calculate the remainder when 142 is divided by 66.
10
Calculate the remainder when 9289 is divided by 23.
20
What is the remainder when 1841 is divided by 19?
17
What is the remainder when 34 is divided by 19?
15
What is the remainder when 1187 is divided by 29?
27
Calculate the remainder when 726 is divided by 25.
1
What is the remainder when 141 is divided by 72?
69
Calculate the remainder when 112 is divided by 23.
20
Calculate the remainder when 222 is divided by 27.
6
Calculate the remainder when 287 is divided by 145.
142
What is the remainder when 88 is divided by 34?
20
Calculate the remainder when 1094 is divided by 58.
50
What is the remainder when 61 is divided by 17?
10
What is the remainder when 458 is divided by 11?
7
Calculate the remainder when 4740 is divided by 42.
36
What is the remainder when 659 is divided by 32?
19
Calculate the remainder when 184 is divided by 4.
0
What is the remainder when 162 is divided by 60?
42
Calculate the remainder when 149 is divided by 51.
47
What is the remainder when 1842 is divided by 107?
23
Calculate the remainder when 1383 is divided by 141.
114
What is the remainder when 538 is divided by 101?
33
Calculate the remainder when 100 is divided by 17.
15
What is the remainder when 124 is divided by 48?
28
Calculate the remainder when 7750 is divided by 51.
49
What is the remainder when 9647 is divided by 16?
15
Calculate the remainder when 1665 is divided by 553.
6
What is the remainder when 1433 is divided by 710?
13
What is the remainder when 552 is divided by 64?
40
What is the remainder when 1506 is divided by 56?
50
What is the remainder when 269 is divided by 54?
53
What is the remainder when 155 is divided by 10?
5
Calculate the remainder when 388 is divided by 83.
56
What is the remainder when 344 is divided by 95?
59
What is the remainder when 18 is divided by 4?
2
Calculate the remainder when 461 is divided by 221.
19
Calculate the remainder when 61 is divided by 16.
13
Calculate the remainder when 1237 is divided by 59.
57
Calculate the remainder when 1050 is divided by 17.
13
What is the remainder when 219 is divided by 49?
23
What is the remainder when 46 is divided by 17?
12
What is the remainder when 929 is divided by 15?
14
Calculate the remainder when 384 is divided by 56.
48
What is the remainder when 1172 is divided by 142?
36
Calculate the remainder when 3998 is divided by 40.
38
Calculate the remainder when 34 is divided by 6.
4
What is the remainder when 276 is divided by 28?
24
Calculate the remainder when 180 is divided by 26.
24
Calculate the remainder when 172 is divided by 39.
16
What is the remainder when 2124 is divided by 142?
136
What is the remainder when 3509 is divided by 45?
44
Calculate the remainder when 643 is divided by 65.
58
Calculate the remainder when 85 is divided by 23.
16
Calculate the remainder when 206 is divided by 20.
6
What is the remainder when 9003 is divided by 38?
35
What is the remainder when 550 is divided by 23?
21
Calculate the remainder when 336 is divided by 191.
145
What is the remainder when 96 is divided by 77?
19
What is the remainder when 1600 is divided by 2?
0
Calculate the remainder when 191 is divided by 182.
9
Calculate the remainder when 19569 is divided by 29.
23
Calculate the remainder when 2035 is divided by 594.
253
Calculate the remainder when 5337 is divided by 137.
131
What is the remainder when 19279 is divided by 4818?
7
What is the remainder when 109 is divided by 11?
10
Calculate the remainder when 